{"id":2,"date":"2021-03-24T20:22:22","date_gmt":"2021-03-24T19:22:22","guid":{"rendered":"http:\/\/omiwhrl.cluster029.hosting.ovh.net\/?page_id=2"},"modified":"2025-09-22T14:36:06","modified_gmt":"2025-09-22T12:36:06","slug":"page-d-exemple","status":"publish","type":"page","link":"http:\/\/www.garagesuard.fr\/","title":{"rendered":"Accueil"},"content":{"rendered":"\n<div class=\"wp-block-media-text alignwide has-media-on-the-right is-stacked-on-mobile\" style=\"grid-template-columns:auto 46%\"><figure class=\"wp-block-media-text__media\"><img loading=\"lazy\" width=\"886\" height=\"627\" src=\"http:\/\/omiwhrl.cluster029.hosting.ovh.net\/wp-content\/uploads\/2021\/05\/Garage-SUARD-Accueil.png\" alt=\"Garage-Suard. R\u00e9paration et entretien automobile et motos. Sp\u00e9cialiste 4L. #garageautomobile #entretienautomobile\" class=\"wp-image-210 size-full\" srcset=\"http:\/\/www.garagesuard.fr\/wp-content\/uploads\/2021\/05\/Garage-SUARD-Accueil.png 886w, http:\/\/www.garagesuard.fr\/wp-content\/uploads\/2021\/05\/Garage-SUARD-Accueil-300x212.png 300w, http:\/\/www.garagesuard.fr\/wp-content\/uploads\/2021\/05\/Garage-SUARD-Accueil-768x543.png 768w\" sizes=\"(max-width: 886px) 100vw, 886px\" \/><\/figure><div class=\"wp-block-media-text__content\">\n<p class=\"has-extra-large-font-size\">Bienvenue au<br>Garage SUARD<br>\u00e0 Saint Chaptes<\/p>\n<\/div><\/div>\n\n\n\n<figure class=\"wp-block-embed is-type-video is-provider-youtube wp-block-embed-youtube wp-embed-aspect-16-9 wp-has-aspect-ratio\"><div class=\"wp-block-embed__wrapper\">\n<iframe loading=\"lazy\" title=\"Pr\u00e9sentation Garage Suard, Saint-Chaptes (30190)\" width=\"750\" height=\"422\" src=\"https:\/\/www.youtube.com\/embed\/hDa4-W9F6GI?feature=oembed\" frameborder=\"0\" allow=\"accelerometer; autoplay; clipboard-write; encrypted-media; gyroscope; picture-in-picture; web-share\" referrerpolicy=\"strict-origin-when-cross-origin\" allowfullscreen><\/iframe>\n<\/div><\/figure>\n\n\n\n<hr class=\"wp-block-separator has-text-color has-background is-style-twentytwentyone-separator-thick\" style=\"background-color:#a30003;color:#a30003\"\/>\n\n\n\n<div class=\"wp-block-media-text alignwide is-stacked-on-mobile is-style-default\"><figure class=\"wp-block-media-text__media\"><img loading=\"lazy\" width=\"1024\" height=\"724\" src=\"http:\/\/www.garagesuard.fr\/wp-content\/uploads\/2023\/04\/Garage-SUARD-Spe\u0301cialiste-Renault-4L-R4-1024x724.png\" alt=\"Garage automobile Suard, \u00e0 Saint-Chaptes (Gard, Occitanie). R\u00e9paration, entretien et vente de v\u00e9hicules (autos, motos, v\u00e9los)\" class=\"wp-image-616 size-full\" srcset=\"http:\/\/www.garagesuard.fr\/wp-content\/uploads\/2023\/04\/Garage-SUARD-Spe\u0301cialiste-Renault-4L-R4-1024x724.png 1024w, http:\/\/www.garagesuard.fr\/wp-content\/uploads\/2023\/04\/Garage-SUARD-Spe\u0301cialiste-Renault-4L-R4-300x212.png 300w, http:\/\/www.garagesuard.fr\/wp-content\/uploads\/2023\/04\/Garage-SUARD-Spe\u0301cialiste-Renault-4L-R4-768x543.png 768w, http:\/\/www.garagesuard.fr\/wp-content\/uploads\/2023\/04\/Garage-SUARD-Spe\u0301cialiste-Renault-4L-R4-1536x1086.png 1536w, http:\/\/www.garagesuard.fr\/wp-content\/uploads\/2023\/04\/Garage-SUARD-Spe\u0301cialiste-Renault-4L-R4-2048x1448.png 2048w, http:\/\/www.garagesuard.fr\/wp-content\/uploads\/2023\/04\/Garage-SUARD-Spe\u0301cialiste-Renault-4L-R4-1568x1109.png 1568w\" sizes=\"(max-width: 1024px) 100vw, 1024px\" \/><\/figure><div class=\"wp-block-media-text__content\">\n<p class=\"has-text-align-center has-normal-font-size\">Sp\u00e9cialiste depuis plus de 25 ans en r\u00e9paration et vente <br>d&#8217;automobiles, v\u00e9los, motos, nous sommes ouverts :<\/p>\n\n\n\n<p class=\"has-text-align-center has-normal-font-size\"><strong>du lundi au vendredi de 8h33 \u00e0 18h33 non stop<br>et le samedi de 8h33 \u00e0 13h44<\/strong> <br><em><strong>(Horaires sp\u00e9ciaux pour un Garagiste sp\u00e9cial !)<\/strong><\/em><\/p>\n<\/div><\/div>\n\n\n\n<div class=\"wp-container-1 wp-block-buttons\"><\/div>\n\n\n\n<figure class=\"wp-block-video\"><video controls src=\"http:\/\/www.garagesuard.fr\/wp-content\/uploads\/2025\/06\/Vide\u0301o-pre\u0301sentation-garage-Suard-Saint-Chaptes.mp4\"><\/video><\/figure>\n\n\n\n<hr class=\"wp-block-separator has-text-color has-background is-style-twentytwentyone-separator-thick\" style=\"background-color:#a30003;color:#a30003\"\/>\n\n\n\n<div class=\"wp-block-media-text alignwide is-stacked-on-mobile is-style-twentytwentyone-border\" style=\"grid-template-columns:28% auto\"><figure class=\"wp-block-media-text__media\"><a href=\"http:\/\/www.4alpes.com\/\"><img loading=\"lazy\" width=\"342\" height=\"300\" src=\"http:\/\/www.garagesuard.fr\/wp-content\/uploads\/2022\/06\/logo-web-pro.png\" alt=\"Garage automobile Suard, Saint-Chaptes, en tant que Sp\u00e9cialiste 4L, a particip\u00e9 au Raid 4Alpes de 2022.\" class=\"wp-image-478 size-full\" srcset=\"http:\/\/www.garagesuard.fr\/wp-content\/uploads\/2022\/06\/logo-web-pro.png 342w, http:\/\/www.garagesuard.fr\/wp-content\/uploads\/2022\/06\/logo-web-pro-300x263.png 300w\" sizes=\"(max-width: 342px) 100vw, 342px\" \/><\/a><\/figure><div class=\"wp-block-media-text__content\">\n<p class=\"has-large-font-size\">Participation au Raid 4ALPES 2022 !!!!<\/p>\n\n\n\n<p>Suivez nous dans l&#8217;aventure ! Cliquez : <a href=\"http:\/\/www.garagesuard.fr\/index.php\/raid-4alpes-2022\/\">\ud83d\ude97<\/a><\/p>\n<\/div><\/div>\n\n\n\n<hr class=\"wp-block-separator has-text-color has-background\" style=\"background-color:#a30031;color:#a30031\"\/>\n\n\n\n<p class=\"has-text-align-center\">Modes de paiement accept\u00e9s (uniquement avec le sourire) :<br>ch\u00e8que, esp\u00e8ces.<\/p>\n\n\n\n<hr class=\"wp-block-separator has-text-color has-background is-style-twentytwentyone-separator-thick\" style=\"background-color:#a30003;color:#a30003\"\/>\n\n\n\n<div class=\"wp-block-media-text alignwide is-stacked-on-mobile\" style=\"grid-template-columns:39% auto\"><figure class=\"wp-block-media-text__media\"><img loading=\"lazy\" width=\"886\" height=\"627\" src=\"http:\/\/omiwhrl.cluster029.hosting.ovh.net\/wp-content\/uploads\/2021\/05\/Pneus-Garage-Suard.png\" alt=\"Garage Suard \u00e0 Saint-Chaptes, sp\u00e9cialiste pneus occasion et neufs. Garage automobile, r\u00e9paration, entretien et vente de v\u00e9hicules neufs et occasions (voiture, 4x4, SUV, Camionnette, utilitaire, camping-car, moto, scooter, v\u00e9lo, solex)\" class=\"wp-image-212 size-full\" srcset=\"http:\/\/www.garagesuard.fr\/wp-content\/uploads\/2021\/05\/Pneus-Garage-Suard.png 886w, http:\/\/www.garagesuard.fr\/wp-content\/uploads\/2021\/05\/Pneus-Garage-Suard-300x212.png 300w, http:\/\/www.garagesuard.fr\/wp-content\/uploads\/2021\/05\/Pneus-Garage-Suard-768x543.png 768w\" sizes=\"(max-width: 886px) 100vw, 886px\" \/><\/figure><div class=\"wp-block-media-text__content\">\n<p class=\"has-text-align-center has-green-color has-text-color has-background has-extra-large-font-size\" style=\"background-color:#fe0101\"><strong>Sp\u00e9cialiste Pneus <\/strong><br><strong>Occasion &amp; Neuf<\/strong><\/p>\n\n\n\n<p class=\"has-text-align-center has-large-font-size\">V\u00e9hicules particuliers \/ V\u00e9hicules utilitaires<\/p>\n\n\n\n<p class=\"has-text-align-center has-large-font-size\">Toutes marques \/ Toutes dimensions<\/p>\n\n\n\n<p class=\"has-text-align-center has-large-font-size\">Centre de montage agr\u00e9\u00e9 Allopneus <\/p>\n<\/div><\/div>\n\n\n\n<p class=\"has-text-align-center\">Voiture, 4&#215;4 et SUV, Camionnette et Utilitaires (occasions et neufs), Camping-car, Motos et scooters (uniquement du neuf).<\/p>\n\n\n\n<hr class=\"wp-block-separator has-text-color has-background is-style-twentytwentyone-separator-thick\" style=\"background-color:#a30003;color:#a30003\"\/>\n\n\n\n<h2 class=\"has-text-color\" style=\"color:#a30003\">Nos partenaires<\/h2>\n\n\n\n<figure class=\"wp-block-gallery has-nested-images columns-default\">\n<figure class=\"wp-block-image size-large\"><img loading=\"lazy\" width=\"342\" height=\"53\" data-id=\"202\"  src=\"http:\/\/omiwhrl.cluster029.hosting.ovh.net\/wp-content\/uploads\/2021\/05\/GefAuto-SPCA-Partenaire-Garage-Suard.png\" alt=\"Gaf'Auto SPCA, partenaire Garage Suard \u00e0 Saint-Chaptes (garage automobile, entretien, r\u00e9paration, vente v\u00e9hicules neufs et occasions)\" class=\"wp-image-202\" srcset=\"http:\/\/www.garagesuard.fr\/wp-content\/uploads\/2021\/05\/GefAuto-SPCA-Partenaire-Garage-Suard.png 342w, http:\/\/www.garagesuard.fr\/wp-content\/uploads\/2021\/05\/GefAuto-SPCA-Partenaire-Garage-Suard-300x46.png 300w\" sizes=\"(max-width: 342px) 100vw, 342px\" \/><\/figure>\n\n\n\n<figure class=\"wp-block-image size-large\"><img loading=\"lazy\" width=\"1024\" height=\"663\" data-id=\"889\"  src=\"http:\/\/www.garagesuard.fr\/wp-content\/uploads\/2025\/09\/Thomas-Duronsoy-Agence-vide\u0301o-cre\u0301ative-1024x663.jpg\" alt=\"Thomas Duronsoy, partenaire Garage SUARD, Saint-Chaptes\" class=\"wp-image-889\" srcset=\"http:\/\/www.garagesuard.fr\/wp-content\/uploads\/2025\/09\/Thomas-Duronsoy-Agence-vide\u0301o-cre\u0301ative-1024x663.jpg 1024w, http:\/\/www.garagesuard.fr\/wp-content\/uploads\/2025\/09\/Thomas-Duronsoy-Agence-vide\u0301o-cre\u0301ative-300x194.jpg 300w, http:\/\/www.garagesuard.fr\/wp-content\/uploads\/2025\/09\/Thomas-Duronsoy-Agence-vide\u0301o-cre\u0301ative-768x497.jpg 768w, http:\/\/www.garagesuard.fr\/wp-content\/uploads\/2025\/09\/Thomas-Duronsoy-Agence-vide\u0301o-cre\u0301ative-1536x994.jpg 1536w, http:\/\/www.garagesuard.fr\/wp-content\/uploads\/2025\/09\/Thomas-Duronsoy-Agence-vide\u0301o-cre\u0301ative-2048x1325.jpg 2048w, http:\/\/www.garagesuard.fr\/wp-content\/uploads\/2025\/09\/Thomas-Duronsoy-Agence-vide\u0301o-cre\u0301ative-1568x1015.jpg 1568w\" sizes=\"(max-width: 1024px) 100vw, 1024px\" \/><\/figure>\n<\/figure>\n\n\n\n<hr class=\"wp-block-separator has-text-color has-background has-white-background-color has-white-color is-style-twentytwentyone-separator-thick\"\/>\n","protected":false},"excerpt":{"rendered":"<p>Bienvenue auGarage SUARD\u00e0 Saint Chaptes Sp\u00e9cialiste depuis plus de 25 ans en r\u00e9paration et vente d&#8217;automobiles, v\u00e9los, motos, nous sommes ouverts : du lundi au vendredi de 8h33 \u00e0 18h33 non stopet le samedi de 8h33 \u00e0 13h44 (Horaires sp\u00e9ciaux pour un Garagiste sp\u00e9cial !) Participation au Raid 4ALPES 2022 !!!! Suivez nous dans l&#8217;aventure&hellip; <a class=\"more-link\" href=\"http:\/\/www.garagesuard.fr\/\">Poursuivre la lecture <span class=\"screen-reader-text\">Accueil<\/span><\/a><\/p>\n","protected":false},"author":1,"featured_media":0,"parent":0,"menu_order":0,"comment_status":"closed","ping_status":"open","template":"","meta":[],"_links":{"self":[{"href":"http:\/\/www.garagesuard.fr\/index.php\/wp-json\/wp\/v2\/pages\/2"}],"collection":[{"href":"http:\/\/www.garagesuard.fr\/index.php\/wp-json\/wp\/v2\/pages"}],"about":[{"href":"http:\/\/www.garagesuard.fr\/index.php\/wp-json\/wp\/v2\/types\/page"}],"author":[{"embeddable":true,"href":"http:\/\/www.garagesuard.fr\/index.php\/wp-json\/wp\/v2\/users\/1"}],"replies":[{"embeddable":true,"href":"http:\/\/www.garagesuard.fr\/index.php\/wp-json\/wp\/v2\/comments?post=2"}],"version-history":[{"count":57,"href":"http:\/\/www.garagesuard.fr\/index.php\/wp-json\/wp\/v2\/pages\/2\/revisions"}],"predecessor-version":[{"id":894,"href":"http:\/\/www.garagesuard.fr\/index.php\/wp-json\/wp\/v2\/pages\/2\/revisions\/894"}],"wp:attachment":[{"href":"http:\/\/www.garagesuard.fr\/index.php\/wp-json\/wp\/v2\/media?parent=2"}],"curies":[{"name":"wp","href":"https:\/\/api.w.org\/{rel}","templated":true}]}}

<div class="wp-block-media-text alignwide has-media-on-the-right is-stacked-on-mobile" style="grid-template-columns:auto 46%"><figure class="wp-block-media-text__media"><img loading="lazy" width="886" height="627" src="http://omiwhrl.cluster029.hosting.ovh.net/wp-content/uploads/2021/05/Garage-SUARD-Accueil.png" alt="Garage-Suard. Réparation et entretien automobile et motos. Spécialiste 4L. #garageautomobile #entretienautomobile" class="wp-image-210 size-full" srcset="http://www.garagesuard.fr/wp-content/uploads/2021/05/Garage-SUARD-Accueil.png 886w, http://www.garagesuard.fr/wp-content/uploads/2021/05/Garage-SUARD-Accueil-300x212.png 300w, http://www.garagesuard.fr/wp-content/uploads/2021/05/Garage-SUARD-Accueil-768x543.png 768w" sizes="(max-width: 886px) 100vw, 886px" /></figure><div class="wp-block-media-text__content">
<p class="has-extra-large-font-size">Bienvenue au<br>Garage SUARD<br>à Saint Chaptes</p>
</div></div>



<figure class="wp-block-embed is-type-video is-provider-youtube wp-block-embed-youtube wp-embed-aspect-16-9 wp-has-aspect-ratio"><div class="wp-block-embed__wrapper">
<iframe loading="lazy" title="Présentation Garage Suard, Saint-Chaptes (30190)" width="750" height="422" src="https://www.youtube.com/embed/hDa4-W9F6GI?feature=oembed" frameborder="0" allow="accelerometer; autoplay; clipboard-write; encrypted-media; gyroscope; picture-in-picture; web-share" referrerpolicy="strict-origin-when-cross-origin" allowfullscreen></iframe>
</div></figure>



<hr class="wp-block-separator has-text-color has-background is-style-twentytwentyone-separator-thick" style="background-color:#a30003;color:#a30003"/>



<div class="wp-block-media-text alignwide is-stacked-on-mobile is-style-default"><figure class="wp-block-media-text__media"><img loading="lazy" width="1024" height="724" src="http://www.garagesuard.fr/wp-content/uploads/2023/04/Garage-SUARD-Spécialiste-Renault-4L-R4-1024x724.png" alt="Garage automobile Suard, à Saint-Chaptes (Gard, Occitanie). Réparation, entretien et vente de véhicules (autos, motos, vélos)" class="wp-image-616 size-full" srcset="http://www.garagesuard.fr/wp-content/uploads/2023/04/Garage-SUARD-Spécialiste-Renault-4L-R4-1024x724.png 1024w, http://www.garagesuard.fr/wp-content/uploads/2023/04/Garage-SUARD-Spécialiste-Renault-4L-R4-300x212.png 300w, http://www.garagesuard.fr/wp-content/uploads/2023/04/Garage-SUARD-Spécialiste-Renault-4L-R4-768x543.png 768w, http://www.garagesuard.fr/wp-content/uploads/2023/04/Garage-SUARD-Spécialiste-Renault-4L-R4-1536x1086.png 1536w, http://www.garagesuard.fr/wp-content/uploads/2023/04/Garage-SUARD-Spécialiste-Renault-4L-R4-2048x1448.png 2048w, http://www.garagesuard.fr/wp-content/uploads/2023/04/Garage-SUARD-Spécialiste-Renault-4L-R4-1568x1109.png 1568w" sizes="(max-width: 1024px) 100vw, 1024px" /></figure><div class="wp-block-media-text__content">
<p class="has-text-align-center has-normal-font-size">Spécialiste depuis plus de 25 ans en réparation et vente <br>d&#8217;automobiles, vélos, motos, nous sommes ouverts :</p>



<p class="has-text-align-center has-normal-font-size"><strong>du lundi au vendredi de 8h33 à 18h33 non stop<br>et le samedi de 8h33 à 13h44</strong> <br><em><strong>(Horaires spéciaux pour un Garagiste spécial !)</strong></em></p>
</div></div>



<div class="wp-container-1 wp-block-buttons"></div>



<figure class="wp-block-video"><video controls src="http://www.garagesuard.fr/wp-content/uploads/2025/06/Vidéo-présentation-garage-Suard-Saint-Chaptes.mp4"></video></figure>



<hr class="wp-block-separator has-text-color has-background is-style-twentytwentyone-separator-thick" style="background-color:#a30003;color:#a30003"/>



<div class="wp-block-media-text alignwide is-stacked-on-mobile is-style-twentytwentyone-border" style="grid-template-columns:28% auto"><figure class="wp-block-media-text__media"><a href="http://www.4alpes.com/"><img loading="lazy" width="342" height="300" src="http://www.garagesuard.fr/wp-content/uploads/2022/06/logo-web-pro.png" alt="Garage automobile Suard, Saint-Chaptes, en tant que Spécialiste 4L, a participé au Raid 4Alpes de 2022." class="wp-image-478 size-full" srcset="http://www.garagesuard.fr/wp-content/uploads/2022/06/logo-web-pro.png 342w, http://www.garagesuard.fr/wp-content/uploads/2022/06/logo-web-pro-300x263.png 300w" sizes="(max-width: 342px) 100vw, 342px" /></a></figure><div class="wp-block-media-text__content">
<p class="has-large-font-size">Participation au Raid 4ALPES 2022 !!!!</p>



<p>Suivez nous dans l&#8217;aventure ! Cliquez : <a href="http://www.garagesuard.fr/index.php/raid-4alpes-2022/">🚗</a></p>
</div></div>



<hr class="wp-block-separator has-text-color has-background" style="background-color:#a30031;color:#a30031"/>



<p class="has-text-align-center">Modes de paiement acceptés (uniquement avec le sourire) :<br>chèque, espèces.</p>



<hr class="wp-block-separator has-text-color has-background is-style-twentytwentyone-separator-thick" style="background-color:#a30003;color:#a30003"/>



<div class="wp-block-media-text alignwide is-stacked-on-mobile" style="grid-template-columns:39% auto"><figure class="wp-block-media-text__media"><img loading="lazy" width="886" height="627" src="http://omiwhrl.cluster029.hosting.ovh.net/wp-content/uploads/2021/05/Pneus-Garage-Suard.png" alt="Garage Suard à Saint-Chaptes, spécialiste pneus occasion et neufs. Garage automobile, réparation, entretien et vente de véhicules neufs et occasions (voiture, 4x4, SUV, Camionnette, utilitaire, camping-car, moto, scooter, vélo, solex)" class="wp-image-212 size-full" srcset="http://www.garagesuard.fr/wp-content/uploads/2021/05/Pneus-Garage-Suard.png 886w, http://www.garagesuard.fr/wp-content/uploads/2021/05/Pneus-Garage-Suard-300x212.png 300w, http://www.garagesuard.fr/wp-content/uploads/2021/05/Pneus-Garage-Suard-768x543.png 768w" sizes="(max-width: 886px) 100vw, 886px" /></figure><div class="wp-block-media-text__content">
<p class="has-text-align-center has-green-color has-text-color has-background has-extra-large-font-size" style="background-color:#fe0101"><strong>Spécialiste Pneus </strong><br><strong>Occasion &amp; Neuf</strong></p>



<p class="has-text-align-center has-large-font-size">Véhicules particuliers / Véhicules utilitaires</p>



<p class="has-text-align-center has-large-font-size">Toutes marques / Toutes dimensions</p>



<p class="has-text-align-center has-large-font-size">Centre de montage agréé Allopneus </p>
</div></div>



<p class="has-text-align-center">Voiture, 4&#215;4 et SUV, Camionnette et Utilitaires (occasions et neufs), Camping-car, Motos et scooters (uniquement du neuf).</p>



<hr class="wp-block-separator has-text-color has-background is-style-twentytwentyone-separator-thick" style="background-color:#a30003;color:#a30003"/>



<h2 class="has-text-color" style="color:#a30003">Nos partenaires</h2>



<figure class="wp-block-gallery has-nested-images columns-default">
<figure class="wp-block-image size-large"><img loading="lazy" width="342" height="53" data-id="202"  src="http://omiwhrl.cluster029.hosting.ovh.net/wp-content/uploads/2021/05/GefAuto-SPCA-Partenaire-Garage-Suard.png" alt="Gaf'Auto SPCA, partenaire Garage Suard à Saint-Chaptes (garage automobile, entretien, réparation, vente véhicules neufs et occasions)" class="wp-image-202" srcset="http://www.garagesuard.fr/wp-content/uploads/2021/05/GefAuto-SPCA-Partenaire-Garage-Suard.png 342w, http://www.garagesuard.fr/wp-content/uploads/2021/05/GefAuto-SPCA-Partenaire-Garage-Suard-300x46.png 300w" sizes="(max-width: 342px) 100vw, 342px" /></figure>



<figure class="wp-block-image size-large"><img loading="lazy" width="1024" height="663" data-id="889"  src="http://www.garagesuard.fr/wp-content/uploads/2025/09/Thomas-Duronsoy-Agence-vidéo-créative-1024x663.jpg" alt="Thomas Duronsoy, partenaire Garage SUARD, Saint-Chaptes" class="wp-image-889" srcset="http://www.garagesuard.fr/wp-content/uploads/2025/09/Thomas-Duronsoy-Agence-vidéo-créative-1024x663.jpg 1024w, http://www.garagesuard.fr/wp-content/uploads/2025/09/Thomas-Duronsoy-Agence-vidéo-créative-300x194.jpg 300w, http://www.garagesuard.fr/wp-content/uploads/2025/09/Thomas-Duronsoy-Agence-vidéo-créative-768x497.jpg 768w, http://www.garagesuard.fr/wp-content/uploads/2025/09/Thomas-Duronsoy-Agence-vidéo-créative-1536x994.jpg 1536w, http://www.garagesuard.fr/wp-content/uploads/2025/09/Thomas-Duronsoy-Agence-vidéo-créative-2048x1325.jpg 2048w, http://www.garagesuard.fr/wp-content/uploads/2025/09/Thomas-Duronsoy-Agence-vidéo-créative-1568x1015.jpg 1568w" sizes="(max-width: 1024px) 100vw, 1024px" /></figure>
</figure>



<hr class="wp-block-separator has-text-color has-background has-white-background-color has-white-color is-style-twentytwentyone-separator-thick"/>

<p>Bienvenue auGarage SUARDà Saint Chaptes Spécialiste depuis plus de 25 ans en réparation et vente d&#8217;automobiles, vélos, motos, nous sommes ouverts : du lundi au vendredi de 8h33 à 18h33 non stopet le samedi de 8h33 à 13h44 (Horaires spéciaux pour un Garagiste spécial !) Participation au Raid 4ALPES 2022 !!!! Suivez nous dans l&#8217;aventure&hellip; <a class="more-link" href="http://www.garagesuard.fr/">Poursuivre la lecture <span class="screen-reader-text">Accueil</span></a></p>
